of a and 38?
38
Let w = -2143 + 2528. What is the highest common divisor of w and 275?
55
Suppose 90 = 35*d - 30*d. Suppose 6*a = 9*a - d. Suppose 5*p = 5, -c - 5*p = -a*c + 5. Calculate the greatest common factor of c and 2.
2
Let n = 4087 + -4071. Suppose 1 = 3*d - 164. Suppose -3*c - 7 = -d. Calculate the greatest common divisor of c and n.
16
Let w(c) = -81*c - 211. Let v be w(-3). Let j = -72 - -73. Calculate the highest common divisor of j and v.
1
Suppose 25*u - 151*u + 550368 = -9*u. Calculate the greatest common divisor of u and 63.
21
Suppose 13*y + 2 - 15 = 0. Let s be -1 + 17 + y/(9/(-36)). What is the greatest common factor of s and 24?
12
Let j(d) = d**2 - 37*d + 417. Let c be j(-53). What is the greatest common divisor of c and 19?
19
Let v(h) = 1290*h - 15406. Let g be v(12). Calculate the highest common factor of g and 5513.
37
Suppose -2*m = -4*v - 16, 64*m + 6 = 63*m - 5*v. Suppose 5*l = 9 + 1. Suppose m = -l*g, -q - 5*g = 2*q - 2. Calculate the highest common divisor of q and 4.
4
Let x(u) be the first derivative of 5*u**2 - 16*u - 1/3*u**3 + 1. Let y be x(5). What is the highest common divisor of 117 and y?
9
Let q be 10704/15 + 2/5. Suppose -2068*h + 126011 = 276*h + 706*h - 2089. Calculate the highest common divisor of h and q.
42
Suppose 0 = -4*o - 2*s + 3136, -2*o - 1080 = -s - 2648. What is the greatest common factor of o and 147?
49
Let h = 303 - 204. Let f(n) = -2*n - 5. Let d(r) = -r**3 + 12*r**2 - 22*r + 13. Let w be d(10). Let y be f(w). Calculate the highest common factor of h and y.
9
Suppose -j + 3 = 0, 6*v - 5*j + 84 - 789 = 0. What is the highest common divisor of 165 and v?
15
Let k be ((-4)/5)/((-112)/2940). Let b(u) = u**2 - 6*u + 6. Let j be b(6). What is the highest common factor of k and j?
3
Suppose -2*y + 17*c = 15*c - 214, -3*c - 21 = 0. Calculate the highest common divisor of y and 23300.
100
Suppose 3*j = -5*q - 11, 0*j - 4*j = 4*q + 4. Suppose 0 = -j*i + 19 + 11. Suppose -80*v - 1170 = -93*v. What is the highest common divisor of i and v?
10
Let o = 398 - -112. Let i = 780 - o. Calculate the highest common factor of i and 60.
30
Let p be (-2)/(-4) + -3 + (-152)/(-16). Suppose -3*d = d - 12. Calculate the greatest common divisor of p and d.
1
Let r(u) = -121*u - 930. Let f be r(-31). What is the greatest common factor of f and 26?
13
Let r = 2250 + -630. What is the highest common divisor of r and 300?
60
Suppose 3*v - 24667 = -v + 4365. What is the greatest common factor of 114 and v?
38
Let s(p) = 7*p + 2. Let n be s(1). Suppose 2*r = 89 - 17. What is the highest common factor of n and r?
9
Let f be 80 + (-1 - -3) + -1. Let b = 55 - 18. Suppose -154 = -13*t - b. Calculate the highest common factor of f and t.
9
Let k = 1336 - 1138. Suppose -5*h + 152 = -263. Suppose 7 + h = 5*t. Calculate the greatest common factor of k and t.
18
Suppose 3*u + 102 = u. Let c = u + 54. Suppose 1088 = c*a - 34. What is the highest common divisor of 34 and a?
34
Let w be (-6)/(-7)*(-7 + (4 - 4)). Let g(n) = 17*n**2 + 4*n - 11. Let p be g(w). Suppose -13*s + p - 18 = 0. Calculate the highest common divisor of 215 and s.
43
Suppose 3*q = 3*n + 286 + 230, n = -2*q + 332. What is the highest common factor of q and 712?
8
Let r = 701 + 109. What is the highest common divisor of r and 10?
10
Suppose 4*q - 17 = 23. Suppose -n = 4*i - 168, -41*n + 42*n = -5*i + 170. Calculate the highest common factor of n and q.
10
Suppose 39 = 4*n + 3*l, -4*n + 3*n - 5*l - 3 = 0. Suppose -158 - 154 = -n*u. Calculate the greatest common factor of 78 and u.
26
Suppose 947 = j - 0*j - 93. What is the greatest common divisor of j and 80?
80
Let h be 7/2 - (-59793)/38. Calculate the highest common divisor of 19 and h.
19
Let v be 5*8*(-2)/(-10). Let a be -1 - -1 - (458 + -462). What is the greatest common factor of v and a?
4
Let q(x) = 210*x**2 + 11760*x + 13. Let l be q(-56). Let n(i) = 6*i + 1. Let s be n(2). What is the greatest common divisor of s and l?
13
Let o = -885 + 2555. Calculate the highest common factor of 20 and o.
10
Let w = 1917 - 1495. Calculate the greatest common factor of w and 4853.
211
Let k(y) = y**3 - 2*y**2 + 51*y - 233. Let j be k(4). Calculate the highest common factor of j and 291.
3
Let a = 25 + -25. Suppose a = -2*z + 9*z + 231. Let j = z + 52. Calculate the highest common divisor of j and 171.
19
Let h be (10/(-15) - 2/6)/((-9)/135). Calculate the greatest common divisor of 240 and h.
15
Suppose -l = -6*l + 495. Let z(s) = s**2 + 6*s - 18. Let i be z(-5). Let p = i - -32. What is the highest common factor of p and l?
9
Let q(c) = 2*c + 27. Let w be (2/3)/((-4)/78) - -2. Let s be q(w). Suppose 4*g = -y - g + 38, -3*g + 80 = s*y. What is the highest common divisor of y and 39?
13
Let x be 13356/((-112)/(-16)) - -18. Calculate the highest common divisor of 72 and x.
18
Let f = 852 + -948. Let u be (-5696)/f - (-2)/(-6). What is the highest common divisor of 590 and u?
59
Let l = -57 - 27. Let a = 60 - l. Suppose 172*t - 47468 = -45920. What is the greatest common divisor of t and a?
9
Let u = 64 - 61. Suppose -3*r = 3*c - 77 - 34, 0 = u*c - 2*r - 126. What is the greatest common factor of 30 and c?
10
Let n = -8 - -16. Suppose 9*m + 3*l - 1296 = 0, -2*m + 432 = m - 2*l. Calculate the greatest common divisor of n and m.
8
Let i = -4 + 12. Let h(u) = 13*u**3 + 2*u**2 - 2*u + 2. Let d be h(1). Let b be -2 - d/(-9) - 75/(-9). Calculate the greatest common factor of i and b.
8
Let q be (-12)/42 + 80/35. Suppose q*k - 4*j = k + 108, -k - 5*j = -117. What is the highest common divisor of k and 14?
14
Let n be 88/154*-1 - (-19520)/7. Calculate the highest common factor of n and 656.
164
Suppose -5*v = 5*a - 4*a - 4, 2*a = 3*v - 5. Let r be v/(0 + -1) - (-3)/1. Calculate the highest common factor of 18 and r.
2
Let u be (10/6)/(24*(-15)/(-4320)). Let j(l) = -l**3 + 8*l**2 - 2*l - 6. Let h be j(5). Suppose h = t - 121. Calculate the highest common factor of t and u.
20
Let f(k) = k**3 + 32*k**2 + 30*k + 6. Let t be f(-31). Suppose -3*x + t = -17. What is the highest common divisor of 18 and x?
18
Let i(b) = 5*b + 127. Let l be i(-17). Calculate the greatest common divisor of l and 21.
21
Let q = 25040 - 24225. Calculate the greatest common divisor of 1467 and q.
163
Let a be ((-150)/(-18))/((-1)/(-3)). Suppose 0 = a*g + 13*g - 3420. What is the greatest common factor of 18 and g?
18
Suppose -56676 = -33*o + 44205. Calculate the highest common factor of o and 12.
3
Let r = -9831 + 10317. Calculate the highest common divisor of r and 90.
18
Suppose -30*h + 16*h = -224. Let m be (-13 - -14)/(14/(-8) - -2). Calculate the greatest common factor of h and m.
4
Suppose -3*t = 12, 3*t = -4*f - f + 188. What is the greatest common factor of 780 and f?
20
Let c = -89 + 133. Suppose 3*t - t - c = 2*z, 0 = 5*z + 5*t + 80. Let b = z - -22. What is the greatest common factor of 1 and b?
1
Suppose -2*n = -14 - 4. Suppose 0 = 4*t - 4*r - 696, 0 = 3*t - 0*t + 4*r - 501. What is the greatest common factor of t and n?
9
Let k be (-306)/(-255) - 68/(-10). What is the greatest common factor of 2456 and k?
8
Suppose 0 = 15*k - 16*k + 10. Let n be 0*(-1 + 2/4) - -40. What is the highest common factor of k and n?
10
Let o = 4 - 0. Let a(x) = 2*x**2 - 28*x + 10. Let n be a(15). Suppose z - n = -9*z. What is the highest common factor of o and z?
4
Suppose -14*i + 18*i = 4*s - 8536, 0 = -5*s - 2*i + 10677. Calculate the highest common factor of 175 and s.
35
Suppose -41*w = -44*w + 58080. Suppose 36*u = 1808 + w. What is the greatest common divisor of 84 and u?
84
Let l be 77 - (-4 + (26 - 15)). Calculate the greatest common factor of l and 1078.
14
Let x(t) = 392*t - 135. Let v be x(3). What is the greatest common factor of v and 3?
3
Let s(v) = -24*v - 23*v - 4 + 5 + 2. Let d be s(-3). Suppose 6*m - 71 - 11 - 14 = 0. Calculate the highest common divisor of d and m.
16
Suppose -37378 = -778*a - 635*a + 41750. Let k = 220 + -10. What is the greatest common factor of k and a?
14
Suppose 184 = -5*z - 141. Let f = 54 + z. Let j = 22 + f. What is the greatest common factor of 33 and j?
11
Suppose 3*y + 270 = 5*y. Let s(o) = -o**3 + 24*o**2 + 24*o - 1. Let g be s(25). Let d = g - -53. What is the greatest common factor of d and y?
27
Suppose f + 6 = 